+ 39. What is the tens digit of q?
7
Suppose 2*x = z - 5*z + 284, -580 = -4*x - 4*z. Suppose 2*k = -0*k, -2*k - x = -p. What is the units digit of p?
8
Let x(l) be the second derivative of l**5/20 + 3*l**4/4 + 4*l**3/3 + l**2 - l. Suppose -4*c + 7 = 39. What is the units digit of x(c)?
2
Let s(g) = g**3 + 9*g**2 - g - 7. Let j be s(-9). Suppose 4*o - 3*c - 253 = 0, -o + 24 + 31 = j*c. What is the units digit of o?
1
Let q(c) = 5*c**2 - 43*c - 62. What is the thousands digit of q(22)?
1
Let v be (4 - 2) + -1 + 0. Suppose -4*c - 3*r + 1 + v = 0, 0 = 3*c - 2*r + 7. What is the tens digit of (c/1)/((-8)/136)?
1
Let r = -489 + 1010. What is the units digit of r?
1
Let f = 3368 + -1704. What is the thousands digit of f?
1
Let k(q) = -5*q - 7. Let n be k(3). Let p = n + 40. What is the tens digit of p?
1
Suppose -14827 = -5*u + 2*y + 8395, 3*u = y + 13934. What is the thousands digit of u?
4
Let u(c) = -2*c**3 - 32*c**2 - 6*c - 49. What is the units digit of u(-16)?
7
Suppose -5*y + 166 = -2*q - 334, -4*y + 400 = 4*q. Suppose -4*z + 5*b + 494 = 0, 24 + y = z - b. What is the units digit of z?
6
Suppose -5019 - 3061 = -20*q. What is the hundreds digit of q?
4
Suppose 13*a - 1696 = 11*a + 2*q, -2550 = -3*a + 5*q. What is the tens digit of a?
4
Let f(v) = v - 3*v - v + 2*v + 4. What is the tens digit of f(-15)?
1
Suppose 2972 = 22*n - 21*n + 2*r, -2*r + 5936 = 2*n. What is the thousands digit of n?
2
Let h = -35 - -43. Suppose n + h = 4*i + 135, -2*n = 2*i - 264. What is the units digit of n?
1
Let i = 9 + -7. Suppose 3*s = i*t + 35, 2*s - 6*s + 42 = -5*t. Let b = s + 23. What is the tens digit of b?
3
Let m(b) = -b**2 - 17*b - 14. Let h be m(-16). What is the units digit of (19 + -52)*h/(-3)?
2
Let k(h) = -h**3 + 10*h**2 - h - 14. Let b be k(10). Let u = 45 + b. Suppose 11 = t - u. What is the units digit of t?
2
What is the hundreds digit of ((856/6)/2)/(7/21)?
2
Suppose 4*l + 5*l - 1053 = 0. What is the tens digit of l?
1
Let q(m) = -2*m**2 + m. Let j be q(-4). Let t = j + 51. What is the units digit of t?
5
Let u be -3*(3390/(-72) + 6/8). Suppose -u*f + 633 = -136*f. What is the units digit of f?
1
Suppose 7423 = 30*h - 17*h. What is the hundreds digit of h?
5
What is the tens digit of 168/28 + 43/((-3)/(-3))?
4
Let k(m) = 5*m**3 + m**2 + m - 1. Let q be k(3). Suppose 0 = -0*s - 2*s + q. Suppose -2*y + s = 17. What is the tens digit of y?
2
Let c = -113 + 235. What is the units digit of c?
2
Let h(a) = 139*a**3 - 5*a**2 + 2*a - 1. Let d be h(2). Suppose 8*o - d = 1057. What is the units digit of o?
9
Let m be (-35)/(-4) + (-18)/24. Suppose m*u - 3*u = 65. What is the tens digit of u?
1
Let k be -2 + 1 - 4/(-4). Suppose -z - 580 = -5*z - 2*s, 20 = -5*s. Suppose -2*h - h + z = k. What is the units digit of h?
9
What is the hundreds digit of (0 - 294/(-8))*3128/69?
6
Suppose -2*v + 31 = 3. Suppose v = -n - n. Let s = 24 + n. What is the units digit of s?
7
Let u(a) = 61*a**2 - 17*a - 85. What is the units digit of u(-4)?
9
Suppose 0 = 2*d + 3*d + 10. What is the units digit of (d - 2)/(2/(-6))?
2
Suppose 5*n - 25 = 0, -124 = -2*x - 3*n - 5. Let u = 33 - 57. Let l = u + x. What is the units digit of l?
8
Suppose 2*g = -17*i + 14*i + 5366, -5*i + 3*g = -8937. What is the thousands digit of i?
1
Suppose -201*s + 198*s + j + 8400 = 0, 0 = -s - 2*j + 2800. What is the thousands digit of s?
2
Let k(s) = s**2 - 9*s + 28. What is the hundreds digit of k(-27)?
0
Suppose 0 = p + 4*v + v - 24, 5*p - 12 = 2*v. Suppose 5*c - p*c = 4. Suppose -y + 2*y - c = 0. What is the units digit of y?
4
Suppose o - 3*t = 1134, -3*o - 4*t + 247 = -3194. What is the thousands digit of o?
1
Suppose 0 = 21*l - 2228 + 212. What is the tens digit of l?
9
Suppose q - 2 = -2*t, 6*q - q + 3*t = -18. Let m(x) = x**3 - 3*x**2 - 2*x + 3. Let p be m(3). What is the units digit of 20 + -4*p/q?
8
Let i = 1189 + -1033. What is the hundreds digit of i?
1
Suppose 5*c - 5*i - 65 = 0, -i = 3*c - 11 - 8. Suppose -d - 63 = 4*h, -3*h + c*h = 15. Let r = -39 - d. What is the units digit of r?
6
Let p(k) = -3*k - 1. Let z be p(-2). Suppose 0*d - 15 = -3*d - z*q, -5*q = 0. Suppose -57 + 168 = 3*x - 3*i, i - 191 = -d*x. What is the units digit of x?
8
Suppose -5*q - 1850 = -4*x, 4*x = 88*q - 86*q + 1844. What is the units digit of x?
0
Let o(n) = -n**2 - 20*n + 1. Let x be 103/(-7) - 16/56. Let q be o(x). Suppose 3*b - q - 8 = 0. What is the units digit of b?
8
Suppose -3*t = w - 7183, -14 = -w - 16. What is the units digit of t?
5
Let q(u) = -u**2 - 9*u + 3. Let j(p) = -2*p + 15. Let d be j(15). Let z be q(d). Let l = z - -132. What is the tens digit of l?
4
Let a(c) = -2*c**3 + 5*c**2 + 18*c - 6. What is the units digit of a(-6)?
8
Suppose t - x = 542, -22*x = 5*t - 24*x - 2701. What is the units digit of t?
9
Let u be (59 + -2)/(-3) + -3 + 2. What is the units digit of (1 - u) + (2 + -1)/(-1)?
0
Let h = -15 - -19. Let t(q) = 3*q - 9. Let v be t(h). Suppose -90 = -2*d - v*d. What is the units digit of d?
8
Let g be (4/(-2 - 2))/(2/108). What is the hundreds digit of (g/(-24))/(9/1176)?
2
Let l = 2 + -54. Let t = 96 + l. What is the units digit of t?
4
Let c(p) = p**3 + 3*p**2 - 29*p - 1. What is the units digit of c(-7)?
6
Let i(m) = -2*m**2 + 2*m + 3. Let p(h) = 5*h**2 - 4*h - 7. Let x(s) = 13*i(s) + 6*p(s). What is the tens digit of x(-4)?
5
Suppose 7*c - 2594 = 990. What is the hundreds digit of c?
5
Let s be 105 - 2/3*6. Suppose 4*u - s = u - z, 171 = 5*u + 3*z. What is the tens digit of 4/(-6) + 1045/u?
3
Let f = 415 - 203. What is the tens digit of f?
1
Suppose 0 = 31*a - 27*a - 1760. What is the units digit of a?
0
Let c = 3 + -1. Let p = 2 + 109. Suppose -c*g + p = g. What is the tens digit of g?
3
Suppose 41*u = 40*u + 66. What is the units digit of u?
6
Let n = 293 - 79. Suppose 4*m - 142 = n. What is the tens digit of m?
8
Let i(n) = n**2 + 10*n - 2. Let t(v) = v**2 + 11*v - 3. Let a be 2/4*(-5 + -3). Let j(z) = a*t(z) + 5*i(z). What is the units digit of j(-8)?
8
Suppose -5*h + 26*t - 29*t = -16454, 3 = t. What is the hundreds digit of h?
2
Suppose -21*a + 23*a = 1796. What is the hundreds digit of a?
8
Suppose -5*v + 70 = 45. Suppose 9*o + v = 23. What is the units digit of o?
2
Let x(q) = 3*q + 19. Suppose -6*u + 29 = -31. What is the tens digit of x(u)?
4
Suppose -14*s - 1448 = -18*s. What is the units digit of s?
2
What is the tens digit of 2847208/1144 + ((-8)/(-22))/2?
8
Let w(p) = -9*p + 26*p - 6 - 11*p - 7*p. Suppose -3*m - 23 = 2*v + 3*v, 4*m + 38 = -3*v. What is the units digit of w(m)?
5
Let d be (-3)/(18/(-5) + 3). Suppose d*h - 3*h = 4. Suppose -4*v = -2*r + 10, -h*r - 41 = -6*r + v. What is the tens digit of r?
1
Let k = 294 - -296. What is the units digit of k?
0
Let a = -8 - -12. Suppose 0 = 3*r + a - 22. What is the tens digit of ((-4)/r)/(1/(-18))?
1
Let r(b) be the first derivative of b**2/2 + 4. Let v be r(8). Let u = 12 - v. What is the units digit of u?
4
Let r = 459 - 254. Let n = -43 + r. What is the tens digit of n?
6
Let n(w) = 6*w**2 - 17*w - 47. What is the tens digit of n(-9)?
9
Let v = 972 - 822. What is the units digit of v?
0
Let r = 7 - 5. Suppose -r*j = j - 27. Suppose -5*w = -j*w + 60. What is the units digit of w?
5
Let x(r) = r**2 - 16*r - 22. What is the hundreds digit of x(-11)?
2
Suppose -4*o - 1466 - 374 = 0. What is the units digit of ((-4)/5)/(8/o)?
6
Let d be 3/(6/896*2). Let j = d - -69. What is the hundreds digit of j?
2
Suppose 2775 = -277*n + 282*n. What is the units digit of n?
5
Suppose -145 = -3*j - 46. Let u = 11 - j. What is the tens digit of 104/6*(-33)/u?
2
Suppose 9*a - 941 - 4558 = 0. What is the hundreds digit of a?
6
Suppose -106 = h + 4*m, -2*h - 3*m + 7*m = 176. Let s = 151 + h. What is the units digit of s?
7
Suppose w = -3*h - 806, 4*h = h - 5*w - 826. Let m = h - -524. What is the tens digit of m?
5
Let g be 4/(-8)*-46 - 1. Let h = 81 - g. What is the units digit of h?
9
Suppose 0 = 2*j + 3*j - 1095. Let p = 613 + -608. Suppose -3*h = -p*s - 0*h + j, 2*h + 221 = 5*s. What is the tens digit of s?
4
Let k = -345 + 1420. What is the units digit of k?
5
Let i(x) = -x**3 + 8*x**2 + 10*x - 6. Let p be i(9). What is the units digit of (1*38)/(p/6)?
6
Suppose -2*r + 6 = -2*z, -2*r + 0*z = -4*z - 12. Suppose 12*b - 6*b - 426 = r. W